39 - (3 + 6) - -11?
-12
Calculate 0 - ((4 - (-6 - -3)) + -11 + -2).
6
Calculate (0 - 1 - (-3 - -2)) + (237 - 236).
1
Evaluate -1 + -1 + -3 + -8 + (4 - 3).
-12
Evaluate -5 + (0 - ((-10 - -3) + 4)) - -17.
15
Evaluate -18 + 1 - (49 + (-110 - -50)).
-6
Calculate -29 + 15 + -2 + 9.
-7
(-15 - 1 - (-50 + 41 + -1)) + -8
-14
What is (2148 - 2130) + (1 - (12 - 2))?
9
What is the value of -12 + 2 - (-25 + -1 - -20)?
-4
What is the value of 16 + -23 - 0 - (-11 + (3 - 5))?
6
Calculate (-74 - -58) + (-4 - -35).
15
Calculate -2 + (7 - (40 + -3 - 13)).
-19
6 - (10 + (9 - (11 + 8)) - -9)
-3
What is the value of 2 + -1 - ((4 - 17) + -25 + 32)?
7
What is the value of (-2 - 18) + 0 - (1 + -8 + 0)?
-13
Calculate 0 + (-19 + 5 - -4).
-10
What is -2 + 0 + 4 - -12 - (-138 - -144)?
8
What is 4 - 11 - -10 - (13 - -2)?
-12
Calculate -24 + (13 - 0 - (-139 + 150)).
-22
What is (-1 - -2) + (11 - 5 - 21)?
-14
What is the value of 0 + -12 + -4 - (-19 + 17 - -6)?
-20
(-5 - (-4 - -5)) + (-8 - (-2 - 2))
-10
-24 + -8 - (-15 + (-17 - -16))
-16
Evaluate 3 + -19 - (352 + -355).
-13
What is the value of -13 + -1 + (105 - 102)?
-11
What is 11 + 2 + 2 + -26?
-11
Calculate (6 - 4) + 0 + -1 + -4.
-3
What is the value of -41 - (-21 + -37 + 20)?
-3
What is 38 + -53 + -6 + (0 - -5)?
-16
What is 12 + -18 + -12 + 6 + 8?
-4
18 + -12 + -9 - (-5 - (1 - 2))
1
Evaluate 8 + (2 - (-5 - -4) - 0).
11
Evaluate (9 - (13 - (-9 + 3))) + 8.
-2
Evaluate (-5 - 0) + -14 - ((-4 - -3) + -1).
-17
-10 + (-22 - (-15 + -10))
-7
Evaluate 12 + -1 + 27 + (-35 + 72 - 46).
29
What is -7 + -1 + 12 + 12?
16
Evaluate (1 - (3 + -3) - 0) + -118 + 90.
-27
Evaluate -14 - (-4 + (-5 - -2 - 1)) - 12.
-18
Calculate 7 + 5 - 4 - ((11 - 5) + -6).
8
What is the value of 14 + -11 + (-9 + 5 - -7)?
6
What is (2 - -6) + (8 - (2 + -6))?
20
What is the value of 0 - -2 - ((1 - (3 + 2)) + 10)?
-4
Calculate 252 - 227 - (-1 + 32).
-6
What is the value of 15 + -8 + -4 - 8?
-5
What is 4 + -1 - (22 + 5 + -20)?
-4
What is the value of -18 + (2 - 7) + 20?
-3
-12 + (1 - -2 - 11) + 14 + 10
4
Evaluate -4 + 6 + -19 + 8.
-9
What is the value of -6 + (51 - (2 - -34))?
9
Calculate (4 - (5 - (8 + -7))) + 1.
1
What is the value of (0 - -5) + (60 - 80) + -9?
-24
What is the value of -22 - (-10 - -4) - -10?
-6
What is the value of -6 + (10 - 14) - (12 + -10)?
-12
Calculate (-4 - 0) + (-42 - -15 - -10 - 0).
-21
What is -13 - (-8 - (-3 + 25))?
17
What is 7 - (7 + -15 + 6) - -1?
10
What is 9 + 6 + 6 + -11 + 8?
18
Calculate -25 + 38 + -19 - 17.
-23
What is the value of -9 - 1 - (-122 - -110)?
2
Evaluate 6 + 0 + -9 + (25 + -4 - 4).
14
Calculate -13 + (-10 - (-14 - 16)).
7
What is 1 - (8 - ((-5 - 2) + (16 - -2)))?
4
What is the value of -6 + 0 - (0 - ((-1 - -10) + 1))?
4
Calculate 1 - 0 - -2 - (-11 - 16 - -39).
-9
What is -12 + 5 + (-7 - (-2 + -20))?
8
What is -6 + -11 + 12 + (1 - 0) - 1?
-5
Calculate 13 + (16 - 35 - -3).
-3
8 - -9 - 24 - 5
-12
Calculate 38 + -8 + -20 - (3 - 1).
8
What is (10 - 21) + 43 + -36?
-4
What is 9 + 0 + 3 + -9 + -4 - -4?
3
What is the value of 12 + (45 + -49 - (-1 + 2 + -1))?
8
Evaluate -7 + -6 + -9 + 3 + 6 + 0.
-13
(-3 - -19) + (-6 - -7) - 5
12
What is (11 - (3 - 15)) + 3 + 6 + -4?
28
What is 0 - (17 - 4 - 23 - 5)?
15
Evaluate -3 + (-1 - (-11 + -1) - 21).
-13
Calculate 24 - (-22 + 5 + 16 + -3).
28
Evaluate -4 + (-36 - -19) + 31.
10
1 - (0 + -9 + 11 + -7)
6
Evaluate -1 + -1 - (12 + -21).
7
What is (-5 + 5 - -4) + 4 + -11 + 3?
0
What is the value of 2 + -2 + (-46 - -54)?
8
Evaluate (5 - (13 - 0)) + -2.
-10
Evaluate 10 - (42 + (6 - 25)).
-13
Calculate (-2 - 1) + (1 - ((-8 - -13) + -10)).
3
What is 19 + (-30 - -34 - 14)?
9
What is 12 - (5 + 4) - ((-3 - 3) + 2)?
7
Calculate -2 + 13 + -9 + -4 + (0 - 1).
-3
Calculate (-17 - -10 - 2) + (34 - 2 - 4).
19
What is 9 - (6 + 3) - (-6 - (6 - 18))?
-6
Calculate -15 + 8 + -13 + 27.
7
-11 + (7 - 14) + 4 - -15
1
What is 15 + (-6 - -4) + -20?
-7
Evaluate (-2 - 2) + (-26 - -28) + -1.
-3
(4 - 5) + -3 - (-10 - (-5 - -3))
4
(-22 - -24) + 14 + -5 + -3
8
What is (1 - (-12 + -6 + 13) - -1) + -26?
-19
Evaluate (12 - 16) + 20 - 0.
16
Calculate 165 - 142 - (6 - 5).
22
Evaluate 10 + -5 - -5 - (-94 + 119).
-15
What is (-2 - -6) + (-7 + 11 - 3)?
5
Calculate -4 + 10 + 20 + (-1 - -8).
33
What is the value of 49 - (17 - ((10 - 2) + -8))?
32
Evaluate (-20 - (21 + -15)) + 15.
-11
Calculate (-3 - -9) + (-40 - (-7 - 0)).
-27
What is -10 + -3 + 5 + -7 + -7 + 27?
5
What is the value of 2 + -4 + -2 + 10 + 10?
16
What is (-9 + -31 + 2 - (-5 + 0)) + 1?
-32
Calculate (9 - (7 - (-7 + 4))) + 10.
9
Calculate -2 + 4 - (-13 - -7 - -8).
0
85 - 31 - 75 - (-1 + -13)
-7
Evaluate (10 - 16) + 22 - 12.
4
Calculate -32 - (0 - 0 - (8 + 11 + -9)).
-22
What is 8 - (1 + -6 + 4 - -4)?
5
What is the value of 30 - 20 - (0 + -3)?
13
Evaluate 39 + -3 - (10 - (9 + -7 - 1)).
27
Calculate 12 + -9 + -2 + -20 - -7.
-12
-54 + 30 - -17 - (2 - (24 + 2))
17
What is 92 + -90 + 1 + 5 + 9 + -2?
15
Calculate 8 - ((21 - 9) + 6 - -1).
-11
What is the value of -53 + -4 + 22 + 18?
-17
Evaluate (16 - -1) + (-10 - -12) - 3.
16
What is the value of (4 - 1 - 0) + (71 - (46 + 37))?
-9
Evaluate -1 + -1 + (-598 - -620).
20
Calculate -7 + (35 - 29 - (-9 - 2)).
10
What is the value of -71 + (-13 - -24) - -35?
-25
-1 - (-15 + 14 + 1 + -13)
12
4 + -14 + -22 - -7
-25
Evaluate -18 + -1 - (16 - (10 - -2) - 3).
-20
What is (-10 - (-3 + -19)) + -4 + -1?
7
What is (1 - 8 - -4) + 18 - 3?
12
Evaluate 16 + (-54 - -19) - -9.
-10
What is -17 + -1 + (11 + -17 - 7 - -11)?
-20
-8 - 1 - (-38 - (-106 + 73))
-4
What is the value of (-11 - -13) + -10 + 4 + 20?
16
What is 8 + 3 - (10 + 0) - (2 - 10)?
9
What is the value of (2 - 19) + (8 - -5) + -8 + -1?
-13
What is -11 + (2 - -5) - (5 - (-6 - -3))?
-12
What is the value of 25 - ((31 - 16) + -4) - 9?
5
Evaluate (13 - -2) + -51 - -2.
-34
8 + -16 + 58 - 33
17
Calculate 12 - -1 - (-217 + 232).
-2
Evaluate 4 + (2 + (-4 - -7) + -4 - 15).
-10
What is the value of (0 - -14) + (-12 - (-9 - 0))?
11
What is -6 + 8 + 10 + -6?
6
What is -13 - (-6 + 27 + -13)?
-21
Evaluate 5 - -3 - ((2 - 9) + 1).
14
Evaluate 8 - 0 - (-20 - -7 - (9 - -2)).
32
Calculate 0 + -1 - (-22 - -20) - -1 - -11.
13
What is 9 + (0 - -17) - 20 - -13?
19
Evaluate 10 + -7 + -2 + 7.
8
What is (-3 - (-14 + 0)) + (-4 - -3) + 6?
16
Evaluate -23 - (7 - (18 + -20 + (1 - -8))).
-23
Evaluate 6 - 3 - (2 + -4 + 2) - -17.
20
What is the value of 38 + -4 + (-36 - -15)?
13
What is the value of 5 + -22 + (0 - -11) - 9?
-15
What is -1 + (1 + -8 + 10 + -9 - 0)?
-7
29 + -45 + 13 - 7
-10
Calculate -4 - (-2 - (1 + -1) - (-2 + -3)).
-7
What is (-13 - -3) + (22 - 12)?
0
-5 - (-9 + 10 + (-7 - -3)) - -26
24
Evaluate 10 + -7 + 4 + 3 + -1.
9
27 + -28 - (1 + -11) - -7
16
What is the value of (-89 + 48 - -56) + -1 + -25?
-11
Evaluate (-9 - (-8 + -7)) + (2 - 2) - 9.
-3
What is the value of ((3 - 10) + 2 - 2) + (-14 - -13)?
-8
What is the value of -1 + 8 + (-1 - ((-9 - 9) + 7))?
17
Calculate (-2 - -2) + (24 - (36 - 21)).
9
What is the value of -3 + 1 + (-331 - -342)?
9
Calculate -8 + (11 - (-108 + 108 + (1 - 10))).
12
Evaluate (4 - 0) + 14 + (18 - 19) + -30.
-13
What is the value of 1 - (7 + 1 + -1 + 6 + -13)?
1
What is 1 + 1 - (451 + -459)?
10
What is the value of (-1 - 4) + (-40 - -32)?
-13
Evaluate (-24 - -15) + (11 - (2 + -1 - -2)).
-1
What is the value of -11 + 18 + (-1 - -7) + (9 - 10)?
12
Calculate (35 - 36) + -21 - (-1 + -9 + 2).
-14
Calculate -1 + 30 - (-12 + 2 + 20).
19
Evaluate 3 - (-11 + 18) - -9.
5
Evaluate 8 + -12 + -54 + 37.
-21
Calculate (18 - 9) + (22 - 2).
29
What is the value of 8 + (-26 - -2) + 7?
-9
What is the value of 7 + (-15 - -24) + -1?
15
Calculate -41 + 71 + (-3 + 2 - 12).
17
What is the value of (8 - -3 - 5) + 9 + 6?
21
What is -13 + 3 + -1 + -3 + -9?
-23
What is the value of (250 - 247) + (2 - 7 - -1)?
-1
What is -11 - (10 + 2 + -30 - -5)?
2
Calculate -2 - ((-2 - (-5 + -1)) + (-12 - -7)).
-1
What is the value of -6 - ((9 - 1) + -14 + 0 + 9)?
-9
Calculate (5 - 10) + 23 - (1 - (-7 + 2)).
12
Evaluate -11 + (4 - -4) + (0 - -50) + -7.
40
What is (18 - 15) + -1 + 5 - (22 + -31)?
16
Evaluate 157 - 163 - (-2 + 4 - 8).
0
Evaluate 3 - (-5 + 6 + -12 + 8) - 24.
-18
-63 + 117 + -63 + (3 - 2 - 3)
-11
Evaluate -24 + 12 - (-16 - 1).
5
Evaluate -2 - 8 - -2 - (2 + -7) - -13.
10
Evaluate -64 - -17 - (-24 - -15)